{"id":700,"date":"2023-07-01T11:13:38","date_gmt":"2023-07-01T09:13:38","guid":{"rendered":"http:\/\/emmene-moi.org\/?page_id=700"},"modified":"2023-07-01T11:16:12","modified_gmt":"2023-07-01T09:16:12","slug":"nos-ateliers","status":"publish","type":"page","link":"https:\/\/emmene-moi.org\/index.php\/contactez-nous\/nos-ateliers\/","title":{"rendered":"Nos ateliers"},"content":{"rendered":"\n<p>4 ateliers, 42 participants, 10 adh\u00e9sions<\/p>\n\n\n<div class=\"wp-block-image\">\n<figure class=\"aligncenter size-full\"><img loading=\"lazy\" decoding=\"async\" width=\"595\" height=\"842\" src=\"https:\/\/emmene-moi.org\/wp-content\/uploads\/2023\/07\/Atelier-Matelotage-Affiche.jpg\" alt=\"\" class=\"wp-image-693\" srcset=\"https:\/\/emmene-moi.org\/wp-content\/uploads\/2023\/07\/Atelier-Matelotage-Affiche.jpg 595w, https:\/\/emmene-moi.org\/wp-content\/uploads\/2023\/07\/Atelier-Matelotage-Affiche-212x300.jpg 212w\" sizes=\"auto, (max-width: 595px) 100vw, 595px\" \/><\/figure>\n<\/div>\n\n\n<p class=\"has-text-align-center\">13 participants et 5 adh\u00e9sions<\/p>\n\n\n<div class=\"wp-block-image\">\n<figure class=\"aligncenter size-full\"><img loading=\"lazy\" decoding=\"async\" width=\"595\" height=\"842\" src=\"https:\/\/emmene-moi.org\/wp-content\/uploads\/2023\/07\/Feux-et-balises-Affiche.png\" alt=\"\" class=\"wp-image-694\" srcset=\"https:\/\/emmene-moi.org\/wp-content\/uploads\/2023\/07\/Feux-et-balises-Affiche.png 595w, https:\/\/emmene-moi.org\/wp-content\/uploads\/2023\/07\/Feux-et-balises-Affiche-212x300.png 212w\" sizes=\"auto, (max-width: 595px) 100vw, 595px\" \/><\/figure>\n<\/div>\n\n\n<p class=\"has-text-align-center\">8 participants et 1 adh\u00e9sion<\/p>\n\n\n<div class=\"wp-block-image\">\n<figure class=\"aligncenter size-full\"><img loading=\"lazy\" decoding=\"async\" width=\"595\" height=\"842\" src=\"https:\/\/emmene-moi.org\/wp-content\/uploads\/2023\/07\/Meteo-Affiche.jpg\" alt=\"\" class=\"wp-image-695\" srcset=\"https:\/\/emmene-moi.org\/wp-content\/uploads\/2023\/07\/Meteo-Affiche.jpg 595w, https:\/\/emmene-moi.org\/wp-content\/uploads\/2023\/07\/Meteo-Affiche-212x300.jpg 212w\" sizes=\"auto, (max-width: 595px) 100vw, 595px\" \/><\/figure>\n<\/div>\n\n\n<p class=\"has-text-align-center\">10 participants et 4 adh\u00e9sions<\/p>\n\n\n<div class=\"wp-block-image\">\n<figure class=\"aligncenter size-full\"><img loading=\"lazy\" decoding=\"async\" width=\"595\" height=\"842\" src=\"https:\/\/emmene-moi.org\/wp-content\/uploads\/2023\/07\/Navigation-Affiche.jpg\" alt=\"\" class=\"wp-image-696\" srcset=\"https:\/\/emmene-moi.org\/wp-content\/uploads\/2023\/07\/Navigation-Affiche.jpg 595w, https:\/\/emmene-moi.org\/wp-content\/uploads\/2023\/07\/Navigation-Affiche-212x300.jpg 212w\" sizes=\"auto, (max-width: 595px) 100vw, 595px\" \/><\/figure>\n<\/div>\n\n\n<p class=\"has-text-align-center\">11 participants<\/p>\n\n\n\n<p>Face \u00e0 l&rsquo;int\u00e9r\u00eat port\u00e9 pour ces ateliers, nous avons d\u00e9cid\u00e9 de les reconduire l&rsquo;ann\u00e9e prochaine.<\/p>\n","protected":false},"excerpt":{"rendered":"<p>4 ateliers, 42 participants, 10 adh\u00e9sions 13 participants et 5 adh\u00e9sions 8 participants et 1 adh\u00e9sion 10 participants et 4 adh\u00e9sions 11 participants Face \u00e0 l&rsquo;int\u00e9r\u00eat port\u00e9 pour ces ateliers, [&hellip;]<\/p>\n","protected":false},"author":2,"featured_media":0,"parent":216,"menu_order":1,"comment_status":"closed","ping_status":"closed","template":"","meta":{"footnotes":""},"class_list":["post-700","page","type-page","status-publish","hentry"],"_links":{"self":[{"href":"https:\/\/emmene-moi.org\/index.php\/wp-json\/wp\/v2\/pages\/700","targetHints":{"allow":["GET"]}}],"collection":[{"href":"https:\/\/emmene-moi.org\/index.php\/wp-json\/wp\/v2\/pages"}],"about":[{"href":"https:\/\/emmene-moi.org\/index.php\/wp-json\/wp\/v2\/types\/page"}],"author":[{"embeddable":true,"href":"https:\/\/emmene-moi.org\/index.php\/wp-json\/wp\/v2\/users\/2"}],"replies":[{"embeddable":true,"href":"https:\/\/emmene-moi.org\/index.php\/wp-json\/wp\/v2\/comments?post=700"}],"version-history":[{"count":3,"href":"https:\/\/emmene-moi.org\/index.php\/wp-json\/wp\/v2\/pages\/700\/revisions"}],"predecessor-version":[{"id":703,"href":"https:\/\/emmene-moi.org\/index.php\/wp-json\/wp\/v2\/pages\/700\/revisions\/703"}],"up":[{"embeddable":true,"href":"https:\/\/emmene-moi.org\/index.php\/wp-json\/wp\/v2\/pages\/216"}],"wp:attachment":[{"href":"https:\/\/emmene-moi.org\/index.php\/wp-json\/wp\/v2\/media?parent=700"}],"curies":[{"name":"wp","href":"https:\/\/api.w.org\/{rel}","templated":true}]}}

<p>4 ateliers, 42 participants, 10 adhésions</p>


<div class="wp-block-image">
<figure class="aligncenter size-full"><img loading="lazy" decoding="async" width="595" height="842" src="https://emmene-moi.org/wp-content/uploads/2023/07/Atelier-Matelotage-Affiche.jpg" alt="" class="wp-image-693" srcset="https://emmene-moi.org/wp-content/uploads/2023/07/Atelier-Matelotage-Affiche.jpg 595w, https://emmene-moi.org/wp-content/uploads/2023/07/Atelier-Matelotage-Affiche-212x300.jpg 212w" sizes="auto, (max-width: 595px) 100vw, 595px" /></figure>
</div>


<p class="has-text-align-center">13 participants et 5 adhésions</p>


<div class="wp-block-image">
<figure class="aligncenter size-full"><img loading="lazy" decoding="async" width="595" height="842" src="https://emmene-moi.org/wp-content/uploads/2023/07/Feux-et-balises-Affiche.png" alt="" class="wp-image-694" srcset="https://emmene-moi.org/wp-content/uploads/2023/07/Feux-et-balises-Affiche.png 595w, https://emmene-moi.org/wp-content/uploads/2023/07/Feux-et-balises-Affiche-212x300.png 212w" sizes="auto, (max-width: 595px) 100vw, 595px" /></figure>
</div>


<p class="has-text-align-center">8 participants et 1 adhésion</p>


<div class="wp-block-image">
<figure class="aligncenter size-full"><img loading="lazy" decoding="async" width="595" height="842" src="https://emmene-moi.org/wp-content/uploads/2023/07/Meteo-Affiche.jpg" alt="" class="wp-image-695" srcset="https://emmene-moi.org/wp-content/uploads/2023/07/Meteo-Affiche.jpg 595w, https://emmene-moi.org/wp-content/uploads/2023/07/Meteo-Affiche-212x300.jpg 212w" sizes="auto, (max-width: 595px) 100vw, 595px" /></figure>
</div>


<p class="has-text-align-center">10 participants et 4 adhésions</p>


<div class="wp-block-image">
<figure class="aligncenter size-full"><img loading="lazy" decoding="async" width="595" height="842" src="https://emmene-moi.org/wp-content/uploads/2023/07/Navigation-Affiche.jpg" alt="" class="wp-image-696" srcset="https://emmene-moi.org/wp-content/uploads/2023/07/Navigation-Affiche.jpg 595w, https://emmene-moi.org/wp-content/uploads/2023/07/Navigation-Affiche-212x300.jpg 212w" sizes="auto, (max-width: 595px) 100vw, 595px" /></figure>
</div>


<p class="has-text-align-center">11 participants</p>



<p>Face à l&rsquo;intérêt porté pour ces ateliers, nous avons décidé de les reconduire l&rsquo;année prochaine.</p>

<p>4 ateliers, 42 participants, 10 adhésions 13 participants et 5 adhésions 8 participants et 1 adhésion 10 participants et 4 adhésions 11 participants Face à l&rsquo;intérêt porté pour ces ateliers, [&hellip;]</p>
